{"id":242,"date":"2023-02-05T19:46:16","date_gmt":"2023-02-05T18:46:16","guid":{"rendered":"https:\/\/democraticalgeria.org\/?page_id=242"},"modified":"2024-12-03T12:13:14","modified_gmt":"2024-12-03T11:13:14","slug":"temoignage-de-torture","status":"publish","type":"page","link":"https:\/\/democraticalgeria.org\/?page_id=242","title":{"rendered":"T\u00e9moignage de torture"},"content":{"rendered":"<p>Ci-dessous quelques t\u00e9moignages sur les s\u00e9vices des \u00ab\u00a0services de s\u00e9curit\u00e9\u00a0\u00bb contre des militants pacifiques du Hirak. Ces personnes ont eu le m\u00e9rite de t\u00e9moigner publiquement malgr\u00e9 la r\u00e9pression f\u00e9roce et les mesures de repr\u00e9sailles dont elles ont \u00e9t\u00e9 victimes !<br \/>Une belle le\u00e7on de courage&#8230;<\/p>\r\n<p>Vid\u00e9o de Mme Fatiha Daoudi, 65 ans, incarc\u00e9r\u00e9e pendant 18 mois, tortur\u00e9e et violent\u00e9e pendant son incarc\u00e9ration. Apr\u00e8s 18 mois de prison en d\u00e9tention provisoire (une mesure coercisive utilis\u00e9e par la justice affid\u00e9e contre les militants pacifiques), elle fut acquitt\u00e9e !\u00a0 Ce t\u00e9moignage a \u00e9t\u00e9 diffus\u00e9 sur la chaine \u00ab\u00a0El Magharibia\u00a0\u00bb.<\/p>\r\n<p><iframe loading=\"lazy\" title=\"#STOP_TORTURE_IN_ALGERIA\" width=\"650\" height=\"366\" src=\"https:\/\/www.youtube.com\/embed\/4ZGSgZ4Jiew?feature=oembed\" frameborder=\"0\" allow=\"accelerometer; autoplay; clipboard-write; encrypted-media; gyroscope; picture-in-picture; web-share\" referrerpolicy=\"strict-origin-when-cross-origin\" allowfullscreen><\/iframe><\/p>\r\n\r\n\r\n\r\n<p>&nbsp;<\/p>\r\n\r\n\r\n\r\n<p>Vid\u00e9o de M. Sami Dernouni relatant ses 100 heures de torture lors de sa d\u00e9tention au centre de la police politique ! &#8230;<\/p>\r\n\r\n\r\n\r\n<figure class=\"wp-block-embed is-type-video is-provider-youtube wp-block-embed-youtube wp-embed-aspect-16-9 wp-has-aspect-ratio\">\r\n<div class=\"wp-block-embed__wrapper\">\r\n<p><iframe loading=\"lazy\" title=\"#STOP_TORTURE_IN_ALGERIA\" width=\"650\" height=\"366\" src=\"https:\/\/www.youtube.com\/embed\/nQ8L9a5OrUQ?feature=oembed\" frameborder=\"0\" allow=\"accelerometer; autoplay; clipboard-write; encrypted-media; gyroscope; picture-in-picture; web-share\" referrerpolicy=\"strict-origin-when-cross-origin\" allowfullscreen><\/iframe><\/p>\r\n<\/div>\r\n<\/figure>\r\n\r\n\r\n\r\n<p>&nbsp;<\/p>\r\n\r\n\r\n\r\n<p>T\u00e9moignage du jeune mineur Said Chetouane, victime d\u2019harc\u00e8lement sexuel de la part d&rsquo;\u00e9l\u00e9ments de la police<\/p>\r\n\r\n\r\n\r\n<figure class=\"wp-block-embed is-type-video is-provider-youtube wp-block-embed-youtube wp-embed-aspect-16-9 wp-has-aspect-ratio\">\r\n<div class=\"wp-block-embed__wrapper\">\r\n<p><iframe loading=\"lazy\" title=\"#STOP_TORTURE_IN_ALGERIA\" width=\"650\" height=\"366\" src=\"https:\/\/www.youtube.com\/embed\/qatsIAbHVjA?feature=oembed\" frameborder=\"0\" allow=\"accelerometer; autoplay; clipboard-write; encrypted-media; gyroscope; picture-in-picture; web-share\" referrerpolicy=\"strict-origin-when-cross-origin\" allowfullscreen><\/iframe><\/p>\r\n<\/div>\r\n<\/figure>\r\n\r\n\r\n\r\n<p>&nbsp;<\/p>\r\n\r\n\r\n\r\n<p>D\u00e9claration de Mme Lydia Lounaouci avocate du jeune \u00e9tudiant Walid Nekkiche \u00e0 propos de ce qu&rsquo;a subi son client (s\u00e9vices sexuels entre autres) dans les locaux de la police politique lors de son incarc\u00e9ration pour d\u00e9lit d&rsquo;opinion.<\/p>\r\n\r\n\r\n\r\n<figure class=\"wp-block-embed is-type-video is-provider-youtube wp-block-embed-youtube wp-embed-aspect-4-3 wp-has-aspect-ratio\">\r\n<div class=\"wp-block-embed__wrapper\">\r\n<p><iframe loading=\"lazy\" title=\"#STOP_TORTURE_IN_ALGERIA\" width=\"650\" height=\"488\" src=\"https:\/\/www.youtube.com\/embed\/uHMAcERB1N4?feature=oembed\" frameborder=\"0\" allow=\"accelerometer; autoplay; clipboard-write; encrypted-media; gyroscope; picture-in-picture; web-share\" referrerpolicy=\"strict-origin-when-cross-origin\" allowfullscreen><\/iframe><\/p>\r\n<\/div>\r\n<\/figure>\r\n\r\n\r\n\r\n<p>&nbsp;<\/p>\r\n","protected":false},"excerpt":{"rendered":"<p>Ci-dessous quelques t\u00e9moignages sur les s\u00e9vices des \u00ab\u00a0services de s\u00e9curit\u00e9\u00a0\u00bb contre des militants pacifiques du Hirak. Ces personnes ont eu le m\u00e9rite de t\u00e9moigner publiquement malgr\u00e9 la r\u00e9pression f\u00e9roce et les mesures de repr\u00e9sailles dont elles ont \u00e9t\u00e9 victimes !Une belle le\u00e7on de courage&#8230; Vid\u00e9o de Mme Fatiha Daoudi, 65 ans, incarc\u00e9r\u00e9e pendant 18 mois, [&hellip;]<\/p>\n","protected":false},"author":1,"featured_media":0,"parent":0,"menu_order":0,"comment_status":"closed","ping_status":"closed","template":"","meta":{"footnotes":""},"class_list":["post-242","page","type-page","status-publish","hentry"],"_links":{"self":[{"href":"https:\/\/democraticalgeria.org\/index.php?rest_route=\/wp\/v2\/pages\/242","targetHints":{"allow":["GET"]}}],"collection":[{"href":"https:\/\/democraticalgeria.org\/index.php?rest_route=\/wp\/v2\/pages"}],"about":[{"href":"https:\/\/democraticalgeria.org\/index.php?rest_route=\/wp\/v2\/types\/page"}],"author":[{"embeddable":true,"href":"https:\/\/democraticalgeria.org\/index.php?rest_route=\/wp\/v2\/users\/1"}],"replies":[{"embeddable":true,"href":"https:\/\/democraticalgeria.org\/index.php?rest_route=%2Fwp%2Fv2%2Fcomments&post=242"}],"version-history":[{"count":31,"href":"https:\/\/democraticalgeria.org\/index.php?rest_route=\/wp\/v2\/pages\/242\/revisions"}],"predecessor-version":[{"id":363,"href":"https:\/\/democraticalgeria.org\/index.php?rest_route=\/wp\/v2\/pages\/242\/revisions\/363"}],"wp:attachment":[{"href":"https:\/\/democraticalgeria.org\/index.php?rest_route=%2Fwp%2Fv2%2Fmedia&parent=242"}],"curies":[{"name":"wp","href":"https:\/\/api.w.org\/{rel}","templated":true}]}}