{"id":34,"date":"2022-12-29T21:42:10","date_gmt":"2022-12-29T20:42:10","guid":{"rendered":"https:\/\/democraticalgeria.org\/?page_id=34"},"modified":"2023-02-06T16:08:06","modified_gmt":"2023-02-06T15:08:06","slug":"accueil","status":"publish","type":"page","link":"https:\/\/democraticalgeria.org\/","title":{"rendered":"Accueil"},"content":{"rendered":"<p>Le site <i>\u00ab\u00a0Democratic Algeria\u00a0\u00bb<\/i>\u00a0exprime avant tout une aspiration profonde du peuple alg\u00e9rien \u00e0 une vrai d\u00e9mocratie b\u00e2tie sur la libert\u00e9, toutes les libert\u00e9s fondamentales individuelles et collectives, la dignit\u00e9, le respect et la justice. Une aspiration \u00e0 un \u00e9tat de droit pour lequel des g\u00e9n\u00e9rations d&rsquo;alg\u00e9riens, depuis la colonisation, se sont sacrifi\u00e9es et elles continuent \u00e0 le faire.<\/p>\n<blockquote><p>Etat civil et non militaire<br \/>\nAlg\u00e9rie libre et d\u00e9mocratique<br \/>\nSouverainet\u00e9 populaire<\/p><\/blockquote>\n<p>Ce site a pour vocation d&rsquo;informer l&rsquo;opinion publique sur la situation g\u00e9n\u00e9rale en Alg\u00e9rie qu&rsquo;elle soit politique, \u00e9conomique ou sociale, loin des manipulations des m\u00e9dias affid\u00e9s et des censures des r\u00e9seaux sociaux. Plus sp\u00e9cifiquement, ce site est d\u00e9di\u00e9 \u00e0 la d\u00e9fense des droits humains fondamentaux en Alg\u00e9rie, en informant d&rsquo;abord sur les violations incessantes du pouvoir en place des conventions internationales garantissant et consacrant ces droits, dont l&rsquo;Alg\u00e9rie est signataire, et en d\u00e9non\u00e7ant ensuite les silences complices, voir coupables, des m\u00e9dias internationaux et de la communaut\u00e9 internationale face \u00e0 la d\u00e9tresse du peuple Alg\u00e9rien.<\/p>\n","protected":false},"excerpt":{"rendered":"<p>Le site \u00ab\u00a0Democratic Algeria\u00a0\u00bb\u00a0exprime avant tout une aspiration profonde du peuple alg\u00e9rien \u00e0 une vrai d\u00e9mocratie b\u00e2tie sur la libert\u00e9, toutes les libert\u00e9s fondamentales individuelles et collectives, la dignit\u00e9, le respect et la justice. Une aspiration \u00e0 un \u00e9tat de droit pour lequel des g\u00e9n\u00e9rations d&rsquo;alg\u00e9riens, depuis la colonisation, se sont sacrifi\u00e9es et elles continuent [&hellip;]<\/p>\n","protected":false},"author":1,"featured_media":0,"parent":0,"menu_order":0,"comment_status":"closed","ping_status":"closed","template":"","meta":{"footnotes":""},"class_list":["post-34","page","type-page","status-publish","hentry"],"_links":{"self":[{"href":"https:\/\/democraticalgeria.org\/index.php?rest_route=\/wp\/v2\/pages\/34","targetHints":{"allow":["GET"]}}],"collection":[{"href":"https:\/\/democraticalgeria.org\/index.php?rest_route=\/wp\/v2\/pages"}],"about":[{"href":"https:\/\/democraticalgeria.org\/index.php?rest_route=\/wp\/v2\/types\/page"}],"author":[{"embeddable":true,"href":"https:\/\/democraticalgeria.org\/index.php?rest_route=\/wp\/v2\/users\/1"}],"replies":[{"embeddable":true,"href":"https:\/\/democraticalgeria.org\/index.php?rest_route=%2Fwp%2Fv2%2Fcomments&post=34"}],"version-history":[{"count":76,"href":"https:\/\/democraticalgeria.org\/index.php?rest_route=\/wp\/v2\/pages\/34\/revisions"}],"predecessor-version":[{"id":339,"href":"https:\/\/democraticalgeria.org\/index.php?rest_route=\/wp\/v2\/pages\/34\/revisions\/339"}],"wp:attachment":[{"href":"https:\/\/democraticalgeria.org\/index.php?rest_route=%2Fwp%2Fv2%2Fmedia&parent=34"}],"curies":[{"name":"wp","href":"https:\/\/api.w.org\/{rel}","templated":true}]}}