{"id":477,"date":"2025-10-08T09:49:59","date_gmt":"2025-10-08T07:49:59","guid":{"rendered":"https:\/\/democraticalgeria.org\/?page_id=477"},"modified":"2025-10-08T09:52:06","modified_gmt":"2025-10-08T07:52:06","slug":"lettre-rapporteuse-special-un","status":"publish","type":"page","link":"https:\/\/democraticalgeria.org\/?page_id=477","title":{"rendered":"Lettre rapporteuse sp\u00e9cial UN"},"content":{"rendered":"<h3>Notre association a \u00e9crit \u00e0 Madame <strong>Margaret Satterthwaite<\/strong>.<br \/>\nRapporteure sp\u00e9ciale des Nations Unies sur l\u2019ind\u00e9pendance des juges et des avocats. Haut-Commissariat aux droits de l\u2019homme \u2013 Nations Unies<\/h3>\n<p><a href=\"http:\/\/democraticalgeria.org\/wp-content\/uploads\/2025\/10\/Satterthwaite-La-liberte-dexpression-des-avocats.pdf\">Satterthwaite La liberte\u0301 d\u2019expression des avocats<\/a><\/p>\n<p style=\"text-align: right;\">Paris le 06 Octobre 2025<\/p>\n<p style=\"text-align: left;\"><strong>Objet : Atteintes graves \u00e0 la libert\u00e9 d\u2019expression et \u00e0 l\u2019action des avocats d\u00e9fenseurs des <\/strong><strong>droits humains en Alg\u00e9rie<\/strong><\/p>\n<p style=\"text-align: left;\">Madame la Rapporteuse sp\u00e9ciale,<\/p>\n<p>Au cours de ces derni\u00e8res ann\u00e9es, les proc\u00e9dures sp\u00e9ciales des Nations Unies ont exprim\u00e9 \u00e0 plusieurs reprises leurs pr\u00e9occupations quant aux atteintes aux droits fondamentaux en Alg\u00e9rie. Pourtant, loin de s\u2019att\u00e9nuer, ces violations se sont aggrav\u00e9es. Les avocats et d\u00e9fenseurs des droits humains qui ont eu le courage de d\u00e9noncer ces abus sont de plus en plus expos\u00e9s au harc\u00e8lement, \u00e0 des poursuites judiciaires abusives, \u00e0 des d\u00e9tentions arbitraires et \u00e0 des restrictions syst\u00e9matiques de leurs activit\u00e9s. Parall\u00e8lement, les autorit\u00e9s ont poursuivi la fermeture des m\u00e9dias ind\u00e9pendants, interdit de nombreuses activit\u00e9s politiques et citoyennes, et renforc\u00e9 le contr\u00f4le des organisations syndicales.<\/p>\n<p>Aujourd\u2019hui, une nouvelle mesure vient frapper au c\u0153ur m\u00eame de la profession d\u2019avocat et cible directement les d\u00e9fenseurs des droits humains. Le 28 septembre 2025, le b\u00e2tonnier de l\u2019Ordre des avocats d\u2019Alger, Ma\u00eetre Mohamed Baghdadi, a diffus\u00e9 une note interdisant \u00e0 l\u2019ensemble des avocats toute apparition m\u00e9diatique ou prise de parole publique sans son autorisation pr\u00e9alable. Cette note a d\u00e9j\u00e0 \u00e9t\u00e9 reprise par le b\u00e2tonnier de Skikda et risque de s\u2019\u00e9tendre \u00e0 d\u2019autres juridictions. Ce texte ne se limite pas \u00e0 encadrer la publicit\u00e9 professionnelle :<\/p>\n<ul>\n<li>il prive les avocats du droit de s\u2019exprimer dans les m\u00e9dias ou sur les r\u00e9seaux sociaux,<\/li>\n<li>il interdit de fait toute consultation juridique en ligne,<\/li>\n<li>il assimile \u00e0 une faute disciplinaire tout commentaire public sur une affaire ou toute prise de position relative \u00e0 la justice,<\/li>\n<li>il menace les contrevenants de sanctions disciplinaires.<\/li>\n<\/ul>\n<p>Si cette mesure vise l\u2019ensemble de la profession, <strong>elle touche de mani\u00e8re disproportionn\u00e9e <\/strong><strong>les avocats qui d\u00e9fendent les d\u00e9tenus d\u2019opinion, les militants pacifiques et les d\u00e9fenseurs <\/strong><strong>des droits humains<\/strong>. En leur interdisant de s\u2019exprimer publiquement, de d\u00e9noncer les violations des droits fondamentaux ou m\u00eame de participer \u00e0 des d\u00e9bats d\u2019int\u00e9r\u00eat g\u00e9n\u00e9ral, cette note r\u00e9duit au silence ceux qui \u00e9taient encore les derniers remparts judiciaires de la soci\u00e9t\u00e9 civile face \u00e0 l\u2019autoritarisme. Une telle restriction constitue une violation manifeste :<\/p>\n<ul>\n<li>de la Constitution alg\u00e9rienne (art. 51\u201352 sur la libert\u00e9 d\u2019opinion et d\u2019expression, art.<br \/>\n54 sur la libert\u00e9 de la presse),<\/li>\n<li>du Pacte international relatif aux droits civils et politiques (art. 19),<\/li>\n<li>de la Charte africaine des droits de l\u2019homme et des peuples (art. 9),<\/li>\n<li>de la Charte arabe des droits de l\u2019homme (art. 32),<\/li>\n<li>et des Principes de base des Nations Unies relatifs au r\u00f4le du barreau (\u00a7\u00a723\u201324), qui reconnaissent express\u00e9ment aux avocats le droit de participer librement aux d\u00e9bats publics sur le droit, la justice et la protection des droits humains.<\/li>\n<\/ul>\n<p>En visant particuli\u00e8rement les avocats d\u00e9fenseurs des droits de l\u2019homme et des d\u00e9tenus d\u2019opinion, cette note menace directement le droit \u00e0 une d\u00e9fense libre et ind\u00e9pendante et aggrave l\u2019isolement des victimes de violations graves. C\u2019est pourquoi, Madame la Rapporteuse sp\u00e9ciale, nous vous demandons d\u2019intervenir de toute<br \/>\nurgence afin :<\/p>\n<ul>\n<li>de rappeler aux autorit\u00e9s alg\u00e9riennes leur obligation de respecter les droits fondamentaux des avocats d\u00e9fenseurs,<\/li>\n<li>d\u2019exiger l\u2019annulation imm\u00e9diate de ces notes restrictives,<\/li>\n<li>et de porter ce dossier devant les m\u00e9canismes comp\u00e9tents des Nations Unies, notamment le Secr\u00e9taire g\u00e9n\u00e9ral, le Haut-Commissaire aux droits de l\u2019homme et le Conseil des droits de l\u2019homme.<\/li>\n<\/ul>\n<p>Nous avons confiance en votre engagement constant en faveur des d\u00e9fenseurs des droits humains et esp\u00e9rons que vous saurez mobiliser la communaut\u00e9 internationale pour mettre fin \u00e0 cette atteinte grave \u00e0 l\u2019ind\u00e9pendance de la profession d\u2019avocat et aux droits fondamentaux en Alg\u00e9rie.<\/p>\n<p>Veuillez agr\u00e9er, Madame la Rapporteuse sp\u00e9ciale, l\u2019expression de notre haute consid\u00e9ration.<\/p>\n<p>Dr. <strong>Sidi Menad Si Ahmed<\/strong><\/p>\n<p>Pr\u00e9sident d\u2019honneur de Democratic Algeria<\/p>\n","protected":false},"excerpt":{"rendered":"<p>Notre association a \u00e9crit \u00e0 Madame Margaret Satterthwaite. Rapporteure sp\u00e9ciale des Nations Unies sur l\u2019ind\u00e9pendance des juges et des avocats. Haut-Commissariat aux droits de l\u2019homme \u2013 Nations Unies Satterthwaite La liberte\u0301 d\u2019expression des avocats Paris le 06 Octobre 2025 Objet : Atteintes graves \u00e0 la libert\u00e9 d\u2019expression et \u00e0 l\u2019action des avocats d\u00e9fenseurs des droits [&hellip;]<\/p>\n","protected":false},"author":1,"featured_media":0,"parent":0,"menu_order":0,"comment_status":"closed","ping_status":"closed","template":"","meta":{"footnotes":""},"class_list":["post-477","page","type-page","status-publish","hentry"],"_links":{"self":[{"href":"https:\/\/democraticalgeria.org\/index.php?rest_route=\/wp\/v2\/pages\/477","targetHints":{"allow":["GET"]}}],"collection":[{"href":"https:\/\/democraticalgeria.org\/index.php?rest_route=\/wp\/v2\/pages"}],"about":[{"href":"https:\/\/democraticalgeria.org\/index.php?rest_route=\/wp\/v2\/types\/page"}],"author":[{"embeddable":true,"href":"https:\/\/democraticalgeria.org\/index.php?rest_route=\/wp\/v2\/users\/1"}],"replies":[{"embeddable":true,"href":"https:\/\/democraticalgeria.org\/index.php?rest_route=%2Fwp%2Fv2%2Fcomments&post=477"}],"version-history":[{"count":11,"href":"https:\/\/democraticalgeria.org\/index.php?rest_route=\/wp\/v2\/pages\/477\/revisions"}],"predecessor-version":[{"id":490,"href":"https:\/\/democraticalgeria.org\/index.php?rest_route=\/wp\/v2\/pages\/477\/revisions\/490"}],"wp:attachment":[{"href":"https:\/\/democraticalgeria.org\/index.php?rest_route=%2Fwp%2Fv2%2Fmedia&parent=477"}],"curies":[{"name":"wp","href":"https:\/\/api.w.org\/{rel}","templated":true}]}}